t the prime factors of l.
2, 3
Suppose 5*t - 13 - 2 = 0. List the prime factors of t.
3
Let h be (7 + 0)/(2 + -1). Let m(b) = -b**3 + 6*b**2 + 7*b + 2. List the prime factors of m(h).
2
Let i be (-9)/(-4) - 6/24. Suppose -i*a - 3 = n + 5, -n + 2*a = -8. List the prime factors of 1 + n/(-3) + 2.
3
Let m = -10 + 15. Suppose -4*v + 5 = n, 3*n - 6*n = -m*v - 15. What are the prime factors of n?
5
Suppose -2 = -5*a - 202. Let q = 11 - a. List the prime factors of q.
3, 17
Let z = -24 + 62. List the prime factors of z.
2, 19
Let s = -33 - -7. Let j be (s/8)/(3/12). Let d = -7 - j. List the prime factors of d.
2, 3
Suppose v - 4*q - 3 = 0, -3 = -2*v - 3*q + 3. What are the prime factors of v?
3
Let p = -45 - -92. List the prime factors of p.
47
Suppose 2*h - 4 = -5*v + 4, -v - 12 = -3*h. Suppose -6*k + k = -2*u + 13, v = -5*u + 4*k + 58. Suppose -f = f - u. What are the prime factors of f?
7
Suppose -6 = 3*d + 3*a - 33, 5*a = 3*d - 67. What are the prime factors of d?
2, 7
Suppose 3*v - 30 = -2*v. Let q(j) = 2*j - 5. What are the prime factors of q(v)?
7
List the prime factors of 38/4*(2 - 0).
19
Suppose 3991 = 21*z - 230. List the prime factors of z.
3, 67
Suppose -s - 12*s + 2756 = 0. List the prime factors of s.
2, 53
Suppose 0 = d + 5*l - 29, 5*l - 20 = d + 1. Suppose 3*p = -4*o + 47, -18 = -2*o - 0*o + d*p. List the prime factors of o.
11
Let c(r) = -r - 34. Let p be c(0). Let d = p - -49. List the prime factors of d.
3, 5
Suppose -6 = 2*h + 2*r + 4, -3*r - 12 = 2*h. List the prime factors of 1 - -27*(h - -4).
2, 7
Let v(b) = 0 - 14*b**3 + 4 - 1 - 4. List the prime factors of v(-1).
13
Let x(m) = -m**3 + 2*m**2 + 4*m + 1. Let u be x(3). Suppose -2*l = 4*p - 13 - 57, -u*p + 99 = 3*l. List the prime factors of l.
29
Let t(u) = 4 + 11*u - 2*u - 1. Let b(s) = -17*s - 5. Let y(d) = -3*b(d) - 5*t(d). List the prime factors of y(1).
2, 3
Let x(h) = -h**3 + 11*h**2 - 5*h - 11. What are the prime factors of x(10)?
3, 13
Let g = 283 - 198. List the prime factors of g.
5, 17
Let n = -28 - -65. What are the prime factors of n?
37
Let o(s) = 2*s**2 - 5*s + 1. Suppose 10*q = 5*q - 20. Let r(v) = -3*v**2 + 6*v - 1. Let h(l) = q*r(l) - 5*o(l). List the prime factors of h(-2).
5
List the prime factors of (-43)/(-1 + 4 + -4).
43
Let w be (-220)/(-3) + (-14)/(-21). Suppose 2*s - 5*x = 3*s + 2, 3*x = 5*s - w. List the prime factors of s.
13
Suppose -z - 2*y + 2 = 0, -5*z + 10*z = y + 10. Suppose 6*p - 9*p = 0. Suppose p*f + 2*f = 2*i - 54, 49 = z*i - f. List the prime factors of i.
2, 11
Let v(b) = b**2 + 2. Let m be v(-2). Let y be m/15*180/(-2). List the prime factors of (y/(-21))/((-2)/(-14)).
2, 3
Let f(y) = -y**3 - 11*y**2 - 6*y - 14. Let j be f(-11). Let i = j - 34. What are the prime factors of i?
2, 3
Suppose -27 = -x + z - 4, -5*z + 145 = 5*x. What are the prime factors of x?
2, 13
List the prime factors of ((3 - 6) + 4)*8.
2
Suppose -2*b = -153 - 133. What are the prime factors of b?
11, 13
Let d(o) = 10*o - 14. List the prime factors of d(16).
2, 73
Let g(n) = n**3 + n**2 + 49. List the prime factors of g(0).
7
Suppose 29 - 118 = d. What are the prime factors of (-10)/(-65) - d/13?
7
Suppose a = -a - 8, 0 = -5*c - a + 1326. List the prime factors of c.
2, 7, 19
Let x = -122 - -208. What are the prime factors of x?
2, 43
Suppose -13 - 7 = -5*d. What are the prime factors of ((-2)/3)/(d/(-78))?
13
What are the prime factors of 1/(1/(-2))*(-963)/18?
107
Let n(p) = -p**3 + 3*p**2 + p. Let y be n(3). Let i(t) = t**3 - 4*t - 1. Let q be i(2). Let s = q + y. List the prime factors of s.
2
Suppose 5*t = r + 3*r + 37, -4*r + t = 17. Let y be (-2)/6 + (-13)/r. Suppose -5 = -4*a + 2*q + 13, 0 = a + y*q - 27. List the prime factors of a.
7
Let b = 1 - 0. Suppose -26 = -3*i + b. Let y = i + -6. List the prime factors of y.
3
Suppose -4*y + 6 = -y. Let d be (0*y/6)/(-1). Suppose r + 2*p = 7, r + d = 2*p - 1. List the prime factors of r.
3
Let r = 31 - 20. Suppose r = -0*h + h + 4*d, 0 = 4*h - 4*d - 24. What are the prime factors of h?
7
Suppose 5 = -3*w + 4*d, -20 + 8 = 3*w + 3*d. Let y = w + 7. List the prime factors of y.
2
Let r(w) = -w**2 + 8*w - 9. Let k be r(6). Let l = k + 3. Suppose 2*p + 28 = l*p. What are the prime factors of p?
7
Let o(s) = -7*s - 31. List the prime factors of o(-18).
5, 19
Suppose -4*m - 11 - 15 = -3*q, -2*q - 1 = m. Let k(c) = 2 - 5*c + 0 - q*c**2 + c**2 + 0. What are the prime factors of k(-4)?
2, 3
Let j be (-116)/(-14) + 22/(-77). Let q = 45 - j. What are the prime factors of q?
37
Suppose -2*n = -2*g + 12, -g - 2*n - 6 = -3. What are the prime factors of g?
3
Suppose 0 = 5*v - 3*n - 77 - 104, v + 3*n - 29 = 0. Let o be (-1)/(-4) - v/(-4). Suppose -4 = -w + o. List the prime factors of w.
13
Let d(j) = j**3 - 3*j**2 + 4*j - 2. Let l be d(2). Let g = 20 + l. List the prime factors of g.
2, 11
Let h(p) = -p**2 - 4*p + 10. Let q(g) = g + 1. Let u(t) = h(t) + 3*q(t). Suppose -n = -0*n. List the prime factors of u(n).
13
Suppose 0 = 2*f + 3*f + 3*h - 47, 3*h - 27 = -3*f. List the prime factors of f.
2, 5
Let t(o) = 13*o - 17. List the prime factors of t(5).
2, 3
Let v(t) = t**2 + 5*t - 1. Let d be v(-5). Let o(y) = 9*y + 3. Let k(s) = 18*s + 7. Let w(m) = 4*k(m) - 9*o(m). List the prime factors of w(d).
2, 5
Let p(h) = -h**2 + 9*h - 9. Let b = 23 + -16. List the prime factors of p(b).
5
Suppose 3*b + 3*d = 435, -3*b + 2*d - 7 + 437 = 0. What are the prime factors of b?
2, 3
Suppose -2*l + 200 = 2*l. Suppose -2*m - l = -3*d, 0 = 2*m - 5*m + 15. What are the prime factors of d?
2, 5
Let f(n) = n**2 + 5*n + 21. List the prime factors of f(7).
3, 5, 7
Suppose 3*j = -p + 23, -6 + 24 = p + 2*j. Let r = -23 + 18. Let o = r + p. List the prime factors of o.
3
Let w(m) = -m**2 - 8*m + 8. List the prime factors of w(-8).
2
Suppose 0 = -5*u + 1441 - 541. What are the prime factors of ((-9)/(-5))/(12/u)?
3
Let b(t) = -2*t - 12. Let o be b(-8). What are the prime factors of 2 - (-1*112)/o?
2, 3, 5
Let q = -3 - -10. What are the prime factors of q?
7
Let n(i) = -39*i + 1. What are the prime factors of n(-2)?
79
Let m(f) = f**2 + 2*f + 4. Suppose -5*r = -0*r + 25. List the prime factors of m(r).
19
Let g be (9/(-6))/((-6)/56). Suppose -30 - g = -4*q. What are the prime factors of q?
11
Let f = 10 + -7. Let d = 11 - f. What are the prime factors of d?
2
Suppose -45*i + 162 = -44*i. What are the prime factors of i?
2, 3
Let b(t) = -t**2 - 9*t - 3. Let w be b(-6). Suppose -3*q + 6*q - w = 0. Let x = q - 3. List the prime factors of x.
2
Let l(p) = 2*p + 11. Let f be l(-6). Let y(j) = -25*j**3. What are the prime factors of y(f)?
5
List the prime factors of 2*(-20)/(-8) - -147.
2, 19
Suppose 0 = 3*f + f - 24. What are the prime factors of f?
2, 3
Suppose 3*t = 4*a + 7, 3*t - 37 = -0*a - 2*a. Let p be 2/3 + 12/t. Suppose 4*j = p*j + 14. What are the prime factors of j?
7
Let i(y) be the third derivative of -y**6/120 + 7*y**5/60 + 5*y**4/12 - 7*y**3/6 + 4*y**2. Let m be i(8). List the prime factors of -1*m*(2 - 3).
3
Let x be ((-13)/4)/((-4)/16). Let z(l) = l + x - 6 + 3. List the prime factors of z(0).
2, 5
Let z = -6 + 11. Suppose 4*p - m + 2 = -3*m, z*p - 5*m - 35 = 0. Suppose 0 = -5*g - 4*a + 60, p*g - a - 19 - 5 = 0. What are the prime factors of g?
2, 3
Suppose 2*x + 15 = 3*p - 3, 23 = -5*x + 2*p. Let a = 0 - x. What are the prime factors of a?
3
Let k(h) = 15*h**3 - h + 2. List the prime factors of k(1).
2
Suppose 2*j = 4*m + 28, -3*m - 2*j = -0*j + 14. Let i(n) = 4*n**3 - 2*n**3 + 6*n**2 - n**3 - n + 2. What are the prime factors of i(m)?
2
Suppose x + 3*x = m + 13, -11 = x - 5*m. List the prime factors of -6*(3 - 18/x).
3
Let g(c) = -4*c - c**2 - 3*c**3 + 7*c**3 + 1 + 3*c. Let u be g(1). Let j(d) = d**2 - d + 2. What are the prime factors of j(u)?
2
Let a(u) = -u + 29. List the prime factors of a(-20).
7
Let w(l) = 8*l**2 + 1. Let k be w(1). Let h(q) = -3 - 2 - 4*q + 4*q + q**2 - 8*q. List the prime factors of h(k).
2
Let r(b) = b**3 - 30*b**2 + 61*b + 3. List the prime factors of r(28).
11, 13
Let v(x) = 4*x - 1. List the prime factors of v(11).
43
Let w(d) be the third derivative of 0*d - 2/3*d**3 + 0 - 1/8*d**4 - 2*d**2. What are the prime factors of w(-5)?
11
Let v = -129 - -252. What are the prime factors of v?
3, 41
Let m = -286 + 593. What 